a factor of 16310844?
False
Is 458 a factor of 115353712?
True
Is 705601282 a multiple of 456?
False
Is 6 a factor of 167145476?
False
Does 86 divide 14096776?
True
Is 24884860 a multiple of 121?
True
Does 25 divide 444561300?
True
Is 514810941 a multiple of 1191?
True
Is 537 a factor of 764120391?
True
Is 23665037 a multiple of 31?
False
Does 2217 divide 756845410?
False
Is 1371491124 a multiple of 233?
True
Does 433 divide 33874908?
False
Is 725 a factor of 21568750?
True
Is 759036399 a multiple of 1012?
False
Is 10816124 a multiple of 174?
False
Does 45 divide 65313749?
False
Is 56 a factor of 45946850?
False
Does 1192 divide 60795576?
True
Is 751474785 a multiple of 9?
False
Does 237 divide 41360995?
False
Does 1185 divide 282636720?
True
Is 7 a factor of 1848735?
True
Is 7044557 a multiple of 53?
False
Is 452801233 a multiple of 16?
False
Is 24 a factor of 37736352?
True
Does 105 divide 48303029?
False
Is 159 a factor of 338832446?
False
Is 191634240 a multiple of 336?
True
Is 409 a factor of 13415200?
True
Is 617537249 a multiple of 1093?
False
Is 158 a factor of 47156692?
False
Does 72 divide 90991008?
True
Does 1927 divide 2128548065?
False
Is 102352512 a multiple of 9?
False
Is 1440 a factor of 1628866263?
False
Does 5708 divide 378651596?
True
Is 22463713 a multiple of 289?
False
Is 132 a factor of 81721597?
False
Does 2929 divide 108059583?
False
Is 3817 a factor of 454673703?
False
Is 89041674 a multiple of 3?
True
Is 10594 a factor of 506170726?
True
Is 272868089 a multiple of 34?
False
Is 789988188 a multiple of 257?
True
Is 5432111 a multiple of 358?
False
Does 815 divide 1311718865?
True
Does 218 divide 3697016940?
False
Does 315 divide 276331248?
False
Does 21 divide 60426490?
False
Is 22 a factor of 364762137?
False
Is 353 a factor of 16109725?
False
Is 15 a factor of 304206165?
True
Is 61 a factor of 87463813?
True
Is 25007598 a multiple of 1142?
False
Is 37 a factor of 2835200850?
True
Is 33726165 a multiple of 15?
True
Does 106 divide 28107444?
False
Is 301 a factor of 48956747?
True
Is 438 a factor of 28000464?
True
Is 927310935 a multiple of 1115?
True
Is 277 a factor of 20398557?
True
Is 2963 a factor of 349977604?
False
Does 20 divide 812527?
False
Is 10184934 a multiple of 2733?
False
Is 27 a factor of 201672882?
True
Does 121 divide 20646323?
False
Is 7 a factor of 19217866?
False
Does 13 divide 119132314?
False
Is 12 a factor of 48246152?
False
Does 87 divide 149709948?
True
Does 4471 divide 57621125?
False
Does 947 divide 25096447?
True
Does 8 divide 59626832?
True
Is 3 a factor of 4304260?
False
Is 1085 a factor of 1228372985?
True
Does 249 divide 26872666?
False
Does 3 divide 177414983?
False
Is 10201872 a multiple of 4?
True
Is 25650188 a multiple of 22?
False
Is 15 a factor of 152665560?
True
Does 1782 divide 1903302769?
False
Is 140 a factor of 76131222?
False
Does 134 divide 7613688?
False
Is 32 a factor of 279113341?
False
Is 4749 a factor of 328301292?
False
Does 109 divide 1223288361?
True
Is 10828758 a multiple of 71?
False
Does 180 divide 24159240?
True
Does 26 divide 50105354?
True
Is 14 a factor of 1888740?
True
Is 15 a factor of 55111258?
False
Is 33266750 a multiple of 22?
True
Is 2824929333 a multiple of 5361?
False
Is 48575571 a multiple of 19?
True
Is 115 a factor of 12927495?
True
Is 28792947 a multiple of 5?
False
Is 5 a factor of 46604670?
True
Does 86 divide 350191012?
False
Is 3546 a factor of 702799470?
True
Does 26 divide 18974506?
False
Does 653 divide 16580323?
True
Is 815 a factor of 61464855?
True
Does 251 divide 375258052?
True
Is 353502393 a multiple of 4440?
False
Is 51 a factor of 15253865?
False
Does 14 divide 1803112805?
False
Is 260751538 a multiple of 134?
True
Does 180 divide 188150400?
True
Does 75 divide 62522547?
False
Is 138454624 a multiple of 2464?
True
Does 5614 divide 650084358?
True
Is 7 a factor of 217302456?
True
Is 21 a factor of 135211251?
True
Does 71 divide 1985360149?
True
Is 1638 a factor of 607806285?
False
Is 109 a factor of 108377256?
False
Does 67 divide 222374809?
True
Is 134 a factor of 549773691?
False
Is 43 a factor of 2791646133?
False
Does 3 divide 366032?
False
Does 5 divide 28572070?
True
Does 22 divide 1216772?
False
Is 132 a factor of 74467008?
True
Does 353 divide 1281037?
True
Is 1053 a factor of 65548325?
False
Is 46 a factor of 411646088?
True
Does 647 divide 33003109?
False
Is 1164 a factor of 117473774?
False
Is 1432106606 a multiple of 8?
False
Is 45270018 a multiple of 3737?
True
Is 450 a factor of 95085450?
True
Is 46 a factor of 12170404?
True
Does 295 divide 166871880?
False
Does 393 divide 24302727?
True
Does 5 divide 24836787?
False
Does 1016 divide 22155912?
True
Is 16 a factor of 27520556?
False
Is 31385454 a multiple of 19?
True
Is 139959936 a multiple of 5603?
False
Is 614188416 a multiple of 32?
True
Is 1301104805 a multiple of 1859?
True
Is 786326905 a multiple of 793?
True
Does 3525 divide 655358181?
False
Is 180615508 a multiple of 4?
True
Does 2070 divide 209634702?
False
Does 647 divide 3274033?
False
Is 2557 a factor of 80296691?
False
Is 1156781214 a multiple of 219?
True
Is 330518100 a multiple of 75?
True
Does 107 divide 1345700052?
True
Does 52 divide 11560303?
False
Is 127725265 a multiple of 59?
True
Does 5 divide 983734710?
True
Is 26332418 a multiple of 293?
False
Is 391671600 a multiple of 138?
True
Is 16 a factor of 747648?
True
Is 199 a factor of 401383?
True
Is 160652937 a multiple of 5835?
False
Is 6 a factor of 95524284?
True
Is 13 a factor of 218295156?
False
Is 3 a factor of 21489022?
False
Is 6 a factor of 17929595?
False
Is 3335009 a multiple of 281?
False
Is 283762752 a multiple of 1308?
True
Does 7 divide 2278785?
False
Does 28 divide 507217060?
True
Is 3466445 a multiple of 10?
False
Is 16 a factor of 51549194?
False
Does 87 divide 6104593?
False
Does 369 divide 19129001?
False
Does 1132 divide 419790880?
True
Is 6 a factor of 87578484?
True
Is 38611773 a multiple of 9?
True
Does 171 divide 13460094?
True
Does 6 divide 12772840?
False
Is 4855 a factor of 101309646?
False
Is 13 a factor of 55111771?
True
Is 134132760 a multiple of 30?
True
Does 276 divide 419657092?
False
Is 162 a factor of 1531281606?
False
Does 145 divide 6237883?
False
Is 82572670 a multiple of 94?
False
Is 244742317 a multiple of 734?
False
Is 2676468319 a multiple of 1471?
True
Does 34 divide 216795832?
True
Is 21 a factor of 1752209571?
True
Does 33 divide 43012962?
False
Is 51 a factor of 20638221?
True
Is 252063281 a multiple of 8?
False
Does 96 divide 909542304?
True
Does 1358 divide 189438284?
True
Does 2761 divide 9202413?
True
Does 27 divide 1384185482?
False
Does 265 divide 164220500?
True
Is 73531280 a multiple of 4?
True
Is 1361343800 a multiple of 3950?
True
Is 299 a factor of 495183794?
False
Does 192 divide 26058579?
False
Is 257 a factor of 1706150526?
True
Does 10 divide 47811990?
True
Is 685266137 a multiple of 687?
False
Is 271425370 a multiple of 2605?
True
Is 11683462 a multiple of 203?
True
Is 49 a factor of 1512916069?
False
Does 8 divide 2225381640?
True
Does 118 divide 6768679374?
False
Is 24170704 a multiple of 12?
False
Does 33 divide 82884054?
True
Does 6499 divide 2568470083?
False
Is 99637395 a multiple of 33?
True
Is 15 a factor of 24420840?
True
Is 35 a factor of 73713742?
False
Does 5189 divide 1306249656?
False
Is 149127 a multiple of 1898?
False
Is 696690784 a multiple of 322?
False
Is 110193621 a multiple of 842?
False
Is 103 a factor of 17898207?
True
Is 1049767999 a multiple of 7193?
True
Is 338668462 a multiple of 11?
True
Does 12 divide 2439173076?
True
Does 91 divide 65165464?
True
Does 41 divide 909177535?
False
Is 1925280 a multiple of 144?
True
Does 209 divide 86391426?
False
Is 165 a factor of 209665665?
True
Is 12 a factor of 47449610?
False
Is 861 a factor of 14497310?
False
Is 193670250 a multiple of 71?
True
Does 5 divide 156890055?
True
Does 2 divide 14837046?
True
Does 14 divide 240797746?
True
Is 184361298 a multiple of 3?
True
Is 2342 a factor of 147932955?
False
Is 686 a factor of 7728969?
False
Does 23 divide 47127253?
True
Does 60 divide 1438990860?
True
Is 24 a factor of 49713360?
True
Is 1220746402 a multiple of 12?
False
Does 203 divide 2030?
True
Does 112 divide 1386224?